2?
2
What is the tens digit of 700?
0
What is the ten thousands digit of 17293?
1
What is the tens digit of 23339?
3
What is the tens digit of 266?
6
What is the thousands digit of 40487?
0
What is the ten thousands digit of 68416?
6
What is the hundreds digit of 6217?
2
What is the hundreds digit of 592?
5
What is the ten thousands digit of 16217?
1
What is the tens digit of 2105?
0
What is the tens digit of 2631?
3
What is the hundreds digit of 3402?
4
What is the tens digit of 3091?
9
What is the tens digit of 54200?
0
What is the tens digit of 818?
1
What is the thousands digit of 11751?
1
What is the thousands digit of 23800?
3
What is the thousands digit of 1158?
1
What is the hundreds digit of 3663?
6
What is the thousands digit of 36669?
6
What is the tens digit of 684?
8
What is the hundreds digit of 50370?
3
What is the hundreds digit of 1864?
8
What is the hundreds digit of 34528?
5
What is the hundreds digit of 14619?
6
What is the hundreds digit of 3227?
2
What is the thousands digit of 1319?
1
What is the hundreds digit of 9136?
1
What is the ten thousands digit of 51000?
5
What is the tens digit of 1549?
4
What is the hundreds digit of 878?
8
What is the hundreds digit of 19440?
4
What is the tens digit of 41317?
1
What is the hundreds digit of 1459?
4
What is the hundreds digit of 49936?
9
What is the tens digit of 662?
6
What is the units digit of 39128?
8
What is the thousands digit of 1540?
1
What is the ten thousands digit of 48342?
4
What is the thousands digit of 8742?
8
What is the hundreds digit of 2447?
4
What is the thousands digit of 11882?
1
What is the hundreds digit of 85516?
5
What is the ten thousands digit of 17938?
1
What is the hundreds digit of 59414?
4
What is the units digit of 46683?
3
What is the tens digit of 1784?
8
What is the thousands digit of 10407?
0
What is the tens digit of 262?
6
What is the thousands digit of 47463?
7
What is the tens digit of 28935?
3
What is the thousands digit of 181620?
1
What is the hundreds digit of 1023?
0
What is the thousands digit of 1144?
1
What is the hundreds digit of 42083?
0
What is the hundreds digit of 5580?
5
What is the units digit of 1572?
2
What is the hundred thousands digit of 137424?
1
What is the thousands digit of 2785?
2
What is the units digit of 9794?
4
What is the tens digit of 84849?
4
What is the hundreds digit of 580?
5
What is the hundreds digit of 57465?
4
What is the thousands digit of 3518?
3
What is the tens digit of 50727?
2
What is the ten thousands digit of 13436?
1
What is the thousands digit of 22843?
2
What is the hundreds digit of 3532?
5
What is the units digit of 94373?
3
What is the tens digit of 24716?
1
What is the thousands digit of 2407?
2
What is the hundreds digit of 1534?
5
What is the units digit of 12187?
7
What is the ten thousands digit of 10170?
1
What is the tens digit of 174?
7
What is the tens digit of 2162?
6
What is the ten thousands digit of 11048?
1
What is the hundreds digit of 7706?
7
What is the units digit of 348?
8
What is the hundreds digit of 19966?
9
What is the hundreds digit of 624?
6
What is the hundreds digit of 539?
5
What is the units digit of 3153?
3
What is the ten thousands digit of 18984?
1
What is the thousands digit of 3329?
3
What is the tens digit of 1792?
9
What is the hundreds digit of 38352?
3
What is the hundreds digit of 4031?
0
What is the hundred thousands digit of 119951?
1
What is the thousands digit of 1798?
1
What is the hundreds digit of 1676?
6
What is the tens digit of 32?
3
What is the units digit of 82?
2
What is the tens digit of 1463?
6
What is the thousands digit of 78764?
8
What is the thousands digit of 38002?
8
What is the hundreds digit of 2420?
4
What is the tens digit of 900?
0
What is the units digit of 1446?
6
What is the hundreds digit of 4392?
3
What is the tens digit of 287?
8
What is the tens digit of 335?
3
What is the tens digit of 10168?
6
What is the units digit of 760?
0
What is the hundreds digit of 8874?
8
What is the tens digit of 1058?
5
What is the units digit of 2454?
4
What is the thousands digit of 1500?
1
What is the units digit of 410?
0
What is the hundreds digit of 16556?
5
What is the tens digit of 22097?
9
What is the hundreds digit of 844?
8
What is the tens digit of 5274?
7
What is the ten thousands digit of 25590?
2
What is the tens digit of 715?
1
What is the thousands digit of 23398?
3
What is the units digit of 826?
6
What is the hundreds digit of 1032?
0
What is the units digit of 46?
6
What is the tens digit of 880?
8
What is the ten thousands digit of 39109?
3
What is the hundreds digit of 1019?
0
What is the tens digit of 9661?
6
What is the tens digit of 5432?
3
What is the units digit of 10569?
9
What is the thousands digit of 1528?
1
What is the hundreds digit of 10450?
4
What is the hundreds digit of 25749?
7
What is the units digit of 8136?
6
What is the ten thousands digit of 84532?
8
What is the hundreds digit of 49559?
5
What is the tens digit of 685?
8
What is the hundreds digit of 120607?
6
What is the hundreds digit of 346?
3
What is the thousands digit of 1088?
1
What is the thousands digit of 5627?
5
What is the units digit of 157012?
2
What is the units digit of 3123?
3
What is the units digit of 3319?
9
What is the thousands digit of 72994?
2
What is the units digit of 442?
2
What is the thousands digit of 1820?
1
What is the hundreds digit of 17922?
9
What is the tens digit of 13930?
3
What is the ten thousands digit of 27918?
2
What is the thousands digit of 17883?
7
What is the hundreds digit of 8723?
7
What is the thousands digit of 34870?
4
What is the thousands digit of 16255?
6
What is the hundreds digit of 606?
6
What is the tens digit of 6037?
3
What is the hundreds digit of 8315?
3
What is the thousands digit of 5247?
5
What is the units digit of 1340?
0
What is the units digit of 190?
0
What is the hundreds digit of 14358?
3
What is the hundreds digit of 6006?
0
What is the units digit of 6350?
0
What is the tens digit of 25002?
0
What is the hundreds digit of 486?
4
What is the tens digit of 7099?
9
What is the units digit of 247?
7
What is the thousands digit of 14815?
4
What is the tens digit of 887?
8
What is the tens digit of 759?
5
What is the thousands digit of 71476?
1
What is the ten thousands digit of 33741?
3
What is the ten thousands digit of 42169?
4
What is the thousands digit of 9207?
9
What is the units digit of 46677?
7
What is the units digit of 1843?
3
What is the hundreds digit of 24443?
4
What is the units digit of 19264?
4
What is the hundreds digit of 1194?
1
What is the tens digit of 19098?
9
What is the tens digit of 4238?
3
What is the hundreds digit of 7221?
2
What is the ten thousands digit of 19163?
1
What is the thousands digit of 103547?
3
What is the units digit of 329?
9
What is the units digit of 57620?
0
What is the units digit of 4979?
9
What is the tens digit of 14521?
2
What is the thousands digit of 21475?
1
What is the hundreds digit of 2301?
3
What is the units digit of 9022?
2
What is the hundreds digit of 1877?
8
What is the tens digit of 4204?
0
What is the units digit of 12282?
2
What is the units digit of 1548?
8
What is the thousands digit of 1309?
1
What is the tens digit of 5371?
7
What is the thousands digit of 5679?
5
What is the hundreds digit of 1156?
1
What is the units digit of 80246?
6
What is the units digit of 1475?
5
What is the hundreds digit of 3878?
8
What is the units digit of 16343?
3
What is the thousands digit of 5193?
5
What is the tens digit of 833?
3
What is the hundreds digit of 11312?
3
What is the hundreds digit of 7561?
5
What is the units digit of 4672?
2
What is the units digit of 1017?
7
What is the tens digit of 3148?
4
What is the thousands digit of 1721?
1
What is the tens digit of 3534?
3
What is the units digit of 871?
1
What is the units digit of 753?
3
What is the tens digit of 106668?
6
What is the thousands digit of 1831?
1
What is the tens digit of 429?
2
What is the tens digit of 8361?
6
What is the units digit of 6436?
6
What is the thousands digit of 18315?
8
What is the tens digit of 1173?
7
What is the ten thousands digit of 13858?
1
What is the units digit of 642?
2
What is the hundreds digit of 42781?
7
What 